{"id":7,"date":"2020-02-29T19:15:49","date_gmt":"2020-02-29T19:15:49","guid":{"rendered":"https:\/\/bhelec78.fr\/?page_id=7"},"modified":"2020-03-18T20:32:20","modified_gmt":"2020-03-18T20:32:20","slug":"a-propos-de","status":"publish","type":"page","link":"https:\/\/elecbh78.fr\/index.php\/a-propos-de\/","title":{"rendered":"\u00c0 propos de nous"},"content":{"rendered":"\n<p>ELECBH78,&nbsp;est une entreprise d&rsquo;\u00e9lectricit\u00e9 g\u00e9n\u00e9rale&nbsp;aux services des professionnels et particuliers.<\/p>\n\n\n\n<p>Avec plus d&rsquo;une vingtaine d&rsquo;ann\u00e9es d&rsquo;exp\u00e9rience \u00e0 son actif en qualit\u00e9 d&rsquo; \u00e9lectricien, monsieur Bakary CAMARA a d\u00e9velopp\u00e9 une r\u00e9elle expertise dans le domaine de l&rsquo;\u00e9lectricit\u00e9.<\/p>\n\n\n\n<p>Vous voulez installer l&rsquo;\u00e9lectricit\u00e9 de votre appartement neuf ou r\u00e9nover ?<\/p>\n\n\n\n<p>Vous avez un d\u00e9pannage urgent \u00e0 faire ?<\/p>\n\n\n\n<p>Vous voulez diagnostiquer vos installations \u00e9lectriques ?<\/p>\n\n\n\n<p>Vous avez un projet d&rsquo;\u00e9clairage ?<\/p>\n\n\n\n<p>Vous \u00eates au bon endroit. Contactez nous au <a href=\"tel:+336.52.12.89.18\">+336.52.12.89.18<\/a>.<\/p>\n\n\n\n<p><\/p>\n","protected":false},"excerpt":{"rendered":"<p>ELECBH78,&nbsp;est une entreprise d&rsquo;\u00e9lectricit\u00e9 g\u00e9n\u00e9rale&nbsp;aux services des professionnels et particuliers. Avec plus d&rsquo;une vingtaine d&rsquo;ann\u00e9es d&rsquo;exp\u00e9rience \u00e0 son actif en qualit\u00e9 d&rsquo; \u00e9lectricien, monsieur Bakary CAMARA a d\u00e9velopp\u00e9 une r\u00e9elle expertise dans le domaine de l&rsquo;\u00e9lectricit\u00e9. Vous voulez installer l&rsquo;\u00e9lectricit\u00e9 de votre appartement neuf ou r\u00e9nover ? Vous avez un d\u00e9pannage urgent \u00e0 faire ? [&hellip;]<\/p>\n","protected":false},"author":1,"featured_media":0,"parent":0,"menu_order":0,"comment_status":"closed","ping_status":"closed","template":"","meta":[],"yoast_head":"<!-- This site is optimized with the Yoast SEO plugin v16.0.2 - https:\/\/yoast.com\/wordpress\/plugins\/seo\/ -->\n<title>\u00c0 propos de nous - ELEC BH 78<\/title>\n<link rel=\"canonical\" href=\"https:\/\/elecbh78.fr\/index.php\/a-propos-de\/\" \/>\n<meta property=\"og:locale\" content=\"fr_FR\" \/>\n<meta property=\"og:type\" content=\"article\" \/>\n<meta property=\"og:title\" content=\"\u00c0 propos de nous - ELEC BH 78\" \/>\n<meta property=\"og:description\" content=\"ELECBH78,&nbsp;est une entreprise d&rsquo;\u00e9lectricit\u00e9 g\u00e9n\u00e9rale&nbsp;aux services des professionnels et particuliers. Avec plus d&rsquo;une vingtaine d&rsquo;ann\u00e9es d&rsquo;exp\u00e9rience \u00e0 son actif en qualit\u00e9 d&rsquo; \u00e9lectricien, monsieur Bakary CAMARA a d\u00e9velopp\u00e9 une r\u00e9elle expertise dans le domaine de l&rsquo;\u00e9lectricit\u00e9. Vous voulez installer l&rsquo;\u00e9lectricit\u00e9 de votre appartement neuf ou r\u00e9nover ? Vous avez un d\u00e9pannage urgent \u00e0 faire ? [&hellip;]\" \/>\n<meta property=\"og:url\" content=\"https:\/\/elecbh78.fr\/index.php\/a-propos-de\/\" \/>\n<meta property=\"og:site_name\" content=\"ELEC BH 78\" \/>\n<meta property=\"article:modified_time\" content=\"2020-03-18T20:32:20+00:00\" \/>\n<meta name=\"twitter:card\" content=\"summary_large_image\" \/>\n<script type=\"application\/ld+json\" class=\"yoast-schema-graph\">{\"@context\":\"https:\/\/schema.org\",\"@graph\":[{\"@type\":\"WebSite\",\"@id\":\"https:\/\/elecbh78.fr\/#website\",\"url\":\"https:\/\/elecbh78.fr\/\",\"name\":\"ELEC BH 78\",\"description\":\"\",\"potentialAction\":[{\"@type\":\"SearchAction\",\"target\":\"https:\/\/elecbh78.fr\/?s={search_term_string}\",\"query-input\":\"required name=search_term_string\"}],\"inLanguage\":\"fr-FR\"},{\"@type\":\"WebPage\",\"@id\":\"https:\/\/elecbh78.fr\/index.php\/a-propos-de\/#webpage\",\"url\":\"https:\/\/elecbh78.fr\/index.php\/a-propos-de\/\",\"name\":\"\\u00c0 propos de nous - ELEC BH 78\",\"isPartOf\":{\"@id\":\"https:\/\/elecbh78.fr\/#website\"},\"datePublished\":\"2020-02-29T19:15:49+00:00\",\"dateModified\":\"2020-03-18T20:32:20+00:00\",\"breadcrumb\":{\"@id\":\"https:\/\/elecbh78.fr\/index.php\/a-propos-de\/#breadcrumb\"},\"inLanguage\":\"fr-FR\",\"potentialAction\":[{\"@type\":\"ReadAction\",\"target\":[\"https:\/\/elecbh78.fr\/index.php\/a-propos-de\/\"]}]},{\"@type\":\"BreadcrumbList\",\"@id\":\"https:\/\/elecbh78.fr\/index.php\/a-propos-de\/#breadcrumb\",\"itemListElement\":[{\"@type\":\"ListItem\",\"position\":1,\"item\":{\"@type\":\"WebPage\",\"@id\":\"https:\/\/elecbh78.fr\/\",\"url\":\"https:\/\/elecbh78.fr\/\",\"name\":\"Accueil\"}},{\"@type\":\"ListItem\",\"position\":2,\"item\":{\"@type\":\"WebPage\",\"@id\":\"https:\/\/elecbh78.fr\/index.php\/a-propos-de\/\",\"url\":\"https:\/\/elecbh78.fr\/index.php\/a-propos-de\/\",\"name\":\"\\u00c0 propos de nous\"}}]}]}<\/script>\n<!-- \/ Yoast SEO plugin. -->","_links":{"self":[{"href":"https:\/\/elecbh78.fr\/index.php\/wp-json\/wp\/v2\/pages\/7"}],"collection":[{"href":"https:\/\/elecbh78.fr\/index.php\/wp-json\/wp\/v2\/pages"}],"about":[{"href":"https:\/\/elecbh78.fr\/index.php\/wp-json\/wp\/v2\/types\/page"}],"author":[{"embeddable":true,"href":"https:\/\/elecbh78.fr\/index.php\/wp-json\/wp\/v2\/users\/1"}],"replies":[{"embeddable":true,"href":"https:\/\/elecbh78.fr\/index.php\/wp-json\/wp\/v2\/comments?post=7"}],"version-history":[{"count":5,"href":"https:\/\/elecbh78.fr\/index.php\/wp-json\/wp\/v2\/pages\/7\/revisions"}],"predecessor-version":[{"id":966,"href":"https:\/\/elecbh78.fr\/index.php\/wp-json\/wp\/v2\/pages\/7\/revisions\/966"}],"wp:attachment":[{"href":"https:\/\/elecbh78.fr\/index.php\/wp-json\/wp\/v2\/media?parent=7"}],"curies":[{"name":"wp","href":"https:\/\/api.w.org\/{rel}","templated":true}]}}