{"id":387,"date":"2018-03-30T17:49:37","date_gmt":"2018-03-30T17:49:37","guid":{"rendered":"https:\/\/demo.amplethemes.com\/ample-construction\/?page_id=387"},"modified":"2020-03-18T20:31:43","modified_gmt":"2020-03-18T20:31:43","slug":"awesome-multi-purpose-theme","status":"publish","type":"page","link":"https:\/\/elecbh78.fr\/","title":{"rendered":"Bienvenue"},"content":{"rendered":"<p>ELECBH78,\u00a0est une entreprise d\u2019\u00e9lectricit\u00e9 g\u00e9n\u00e9rale\u00a0aux services des professionnels et particuliers.<\/p>\n<p>Avec plus d\u2019une vingtaine d\u2019ann\u00e9es d\u2019exp\u00e9rience \u00e0 son actif en qualit\u00e9 d\u2019 \u00e9lectricien, monsieur Bakary CAMARA a d\u00e9velopp\u00e9 une r\u00e9elle expertise dans le domaine de l\u2019\u00e9lectricit\u00e9.<\/p>\n","protected":false},"excerpt":{"rendered":"<p>ELECBH78,\u00a0est une entreprise d\u2019\u00e9lectricit\u00e9 g\u00e9n\u00e9rale\u00a0aux services des professionnels et particuliers. Avec plus d\u2019une vingtaine d\u2019ann\u00e9es d\u2019exp\u00e9rience \u00e0 son actif en qualit\u00e9 d\u2019 \u00e9lectricien, monsieur Bakary CAMARA a d\u00e9velopp\u00e9 une r\u00e9elle expertise dans le domaine de l\u2019\u00e9lectricit\u00e9.<\/p>\n","protected":false},"author":1,"featured_media":764,"parent":0,"menu_order":0,"comment_status":"closed","ping_status":"closed","template":"","meta":[],"yoast_head":"<!-- This site is optimized with the Yoast SEO plugin v16.0.2 - https:\/\/yoast.com\/wordpress\/plugins\/seo\/ -->\n<title>Bienvenue - ELEC BH 78<\/title>\n<link rel=\"canonical\" href=\"https:\/\/elecbh78.fr\/\" \/>\n<meta property=\"og:locale\" content=\"fr_FR\" \/>\n<meta property=\"og:type\" content=\"article\" \/>\n<meta property=\"og:title\" content=\"Bienvenue - ELEC BH 78\" \/>\n<meta property=\"og:description\" content=\"ELECBH78,\u00a0est une entreprise d\u2019\u00e9lectricit\u00e9 g\u00e9n\u00e9rale\u00a0aux services des professionnels et particuliers. Avec plus d\u2019une vingtaine d\u2019ann\u00e9es d\u2019exp\u00e9rience \u00e0 son actif en qualit\u00e9 d\u2019 \u00e9lectricien, monsieur Bakary CAMARA a d\u00e9velopp\u00e9 une r\u00e9elle expertise dans le domaine de l\u2019\u00e9lectricit\u00e9.\" \/>\n<meta property=\"og:url\" content=\"https:\/\/elecbh78.fr\/\" \/>\n<meta property=\"og:site_name\" content=\"ELEC BH 78\" \/>\n<meta property=\"article:modified_time\" content=\"2020-03-18T20:31:43+00:00\" \/>\n<meta property=\"og:image\" content=\"https:\/\/elecbh78.fr\/wp-content\/uploads\/2020\/02\/slider-electricien7.jpg\" \/>\n\t<meta property=\"og:image:width\" content=\"940\" \/>\n\t<meta property=\"og:image:height\" content=\"550\" \/>\n<meta name=\"twitter:card\" content=\"summary_large_image\" \/>\n<script type=\"application\/ld+json\" class=\"yoast-schema-graph\">{\"@context\":\"https:\/\/schema.org\",\"@graph\":[{\"@type\":\"WebSite\",\"@id\":\"https:\/\/elecbh78.fr\/#website\",\"url\":\"https:\/\/elecbh78.fr\/\",\"name\":\"ELEC BH 78\",\"description\":\"\",\"potentialAction\":[{\"@type\":\"SearchAction\",\"target\":\"https:\/\/elecbh78.fr\/?s={search_term_string}\",\"query-input\":\"required name=search_term_string\"}],\"inLanguage\":\"fr-FR\"},{\"@type\":\"ImageObject\",\"@id\":\"https:\/\/elecbh78.fr\/#primaryimage\",\"inLanguage\":\"fr-FR\",\"url\":\"https:\/\/elecbh78.fr\/wp-content\/uploads\/2020\/02\/slider-electricien7.jpg\",\"width\":940,\"height\":550},{\"@type\":\"WebPage\",\"@id\":\"https:\/\/elecbh78.fr\/#webpage\",\"url\":\"https:\/\/elecbh78.fr\/\",\"name\":\"Bienvenue - ELEC BH 78\",\"isPartOf\":{\"@id\":\"https:\/\/elecbh78.fr\/#website\"},\"primaryImageOfPage\":{\"@id\":\"https:\/\/elecbh78.fr\/#primaryimage\"},\"datePublished\":\"2018-03-30T17:49:37+00:00\",\"dateModified\":\"2020-03-18T20:31:43+00:00\",\"breadcrumb\":{\"@id\":\"https:\/\/elecbh78.fr\/#breadcrumb\"},\"inLanguage\":\"fr-FR\",\"potentialAction\":[{\"@type\":\"ReadAction\",\"target\":[\"https:\/\/elecbh78.fr\/\"]}]},{\"@type\":\"BreadcrumbList\",\"@id\":\"https:\/\/elecbh78.fr\/#breadcrumb\",\"itemListElement\":[{\"@type\":\"ListItem\",\"position\":1,\"item\":{\"@type\":\"WebPage\",\"@id\":\"https:\/\/elecbh78.fr\/\",\"url\":\"https:\/\/elecbh78.fr\/\",\"name\":\"Accueil\"}},{\"@type\":\"ListItem\",\"position\":2,\"item\":{\"@type\":\"WebPage\",\"@id\":\"https:\/\/elecbh78.fr\/\",\"url\":\"https:\/\/elecbh78.fr\/\",\"name\":\"Bienvenue\"}}]}]}<\/script>\n<!-- \/ Yoast SEO plugin. -->","_links":{"self":[{"href":"https:\/\/elecbh78.fr\/index.php\/wp-json\/wp\/v2\/pages\/387"}],"collection":[{"href":"https:\/\/elecbh78.fr\/index.php\/wp-json\/wp\/v2\/pages"}],"about":[{"href":"https:\/\/elecbh78.fr\/index.php\/wp-json\/wp\/v2\/types\/page"}],"author":[{"embeddable":true,"href":"https:\/\/elecbh78.fr\/index.php\/wp-json\/wp\/v2\/users\/1"}],"replies":[{"embeddable":true,"href":"https:\/\/elecbh78.fr\/index.php\/wp-json\/wp\/v2\/comments?post=387"}],"version-history":[{"count":3,"href":"https:\/\/elecbh78.fr\/index.php\/wp-json\/wp\/v2\/pages\/387\/revisions"}],"predecessor-version":[{"id":881,"href":"https:\/\/elecbh78.fr\/index.php\/wp-json\/wp\/v2\/pages\/387\/revisions\/881"}],"wp:featuredmedia":[{"embeddable":true,"href":"https:\/\/elecbh78.fr\/index.php\/wp-json\/wp\/v2\/media\/764"}],"wp:attachment":[{"href":"https:\/\/elecbh78.fr\/index.php\/wp-json\/wp\/v2\/media?parent=387"}],"curies":[{"name":"wp","href":"https:\/\/api.w.org\/{rel}","templated":true}]}}